6)/494. Let y be k/10*((3 - 5) + -28). Calculate the highest common divisor of 96 and y.
12
Let m(o) = -o**2 - o + 4. Let i be m(0). Suppose 0 = -4*n - i, -z - 2*n = -2*z - 32. Let w = z + 84. Calculate the highest common factor of 10 and w.
10
Let y be 38/5*(-7 - -17). Let x = 130 - y. Let w be ((-4)/7)/(6/(-63)). What is the greatest common factor of x and w?
6
Let v be 0/(-3 - (-12)/3). Suppose v = 59*d - 57*d - 352. Suppose u + 4*g = d, -g = 5*u - 5*g - 880. Calculate the highest common divisor of 16 and u.
16
Let q(f) = 307*f - 2086. Let d be q(8). What is the highest common divisor of 190 and d?
10
Let q be 4/(33/22 + (-65)/44). Suppose -5*c + 6*c - q = 0. Calculate the highest common factor of 22 and c.
22
Let y(i) = 25 + 2729*i - 1367*i - 1363*i. Let f be y(19). Calculate the greatest common factor of 1 and f.
1
Let g(w) = 18*w + 440. Let c be g(-5). Calculate the highest common divisor of 126 and c.
14
Suppose t + t - 50 = 0. Let q(a) = a**3 - 5*a**2 + 3*a + 6. Let l be q(4). Let z be 5 - (4/(-10) + l/5). What is the greatest common divisor of t and z?
5
Let u(r) = 4 + 232*r - 2 - 233*r - 11. Let q be u(-18). Let c be (9/(-2))/(1/(-2)). Calculate the highest common factor of c and q.
9
Let u = 22 + -15. Let y be (-1)/u - (-2944)/28. Let t be (-1)/(-4 + 415/y). What is the greatest common divisor of 3 and t?
3
Let o(f) = -f**2 + 4*f + 124. Let d be o(13). Let w be 164/287 + 108/d. What is the highest common factor of 16 and w?
16
Let o(j) = -2*j**2 - 5*j - 57. Let z be o(-12). Let x = -275 - z. What is the greatest common factor of x and 50?
10
Let s(q) = -20*q - 409. Let t be s(-63). Calculate the greatest common divisor of 37 and t.
37
Suppose 3*p + 5*z - 485 = 0, 142*p - 2*z - 638 = 138*p. Calculate the highest common divisor of p and 660.
20
Let s = -7 - 0. Let m be ((-6)/s)/(39/(-21) + 2). Let b(w) = -w**2 + 10*w - 12. Let z be b(2). What is the highest common divisor of m and z?
2
Let j = -3279 + 7621. Calculate the highest common factor of j and 835.
167
Suppose j = 2*g - 1402 + 6038, 0 = 2*g - 8. Calculate the greatest common factor of j and 216.
108
Suppose 90 = 2*v - 5*i, -5*i - 5 = 5. Suppose v = -9*l + 14*l. What is the highest common divisor of l and 184?
8
Suppose -2*d - 2*k - k = -44, d + 2*k = 21. Let a be (2 - 10/d)*5. Suppose -22 = -2*t - a. Calculate the greatest common divisor of 56 and t.
7
Suppose 207*c - 61924 = 15701. What is the greatest common divisor of c and 1600?
25
Let j(x) = 116*x**2 - 2783*x - 9. Let f be j(24). Calculate the greatest common divisor of f and 29265.
15
Let y(w) = w**3 + 6*w**2 - 13*w + 9. Suppose 3*u + 0*u = -21. Let l be y(u). Let j = -722 - -875. What is the greatest common divisor of j and l?
51
Let w be (-28)/16 - (-2044)/16. What is the greatest common factor of 231 and w?
21
Suppose 2*u = 2*j + 6, -2*u + 9*j = 8*j - 9. Suppose 5*w - 18 = -7*i + 6*i, 0 = -w + i + u. What is the highest common factor of w and 124?
4
Let p be 623/(-3)*(-32 + -20 + 49). Calculate the highest common divisor of 105 and p.
7
Suppose -17*c = -24 - 10. Suppose -10*z = -2*j - 15*z + 112, 2*j + c*z - 112 = 0. What is the greatest common factor of j and 28?
28
Suppose 5*a = 5*q - 63050, 44*q + 4*a = 41*q + 37844. Calculate the highest common divisor of q and 12.
12
Let x(i) = 3*i**3 - 20*i**2 + 18*i - 97. Let p be x(7). Calculate the greatest common factor of p and 3172.
26
Suppose 616 = 5*l + 3*h, 2*l - 4*h - 95 - 167 = 0. Suppose -186*y - 299 = -198*y + 1. What is the greatest common factor of l and y?
25
Let d(k) = -253*k - 4292. Let o be d(-22). Let f(p) = 5*p + 4. Let n be f(9). Calculate the highest common factor of o and n.
49
Let n(g) = -4*g**2 - 11*g + 170. Let c be n(-8). Calculate the greatest common factor of 11 and c.
1
Let n(q) be the third derivative of q**5/30 + 3*q**4/4 - 16*q**3/3 + q**2 + 7*q. Let r be n(-11). What is the greatest common factor of r and 20?
4
Let n = 19474 - 12796. What is the greatest common divisor of 126 and n?
126
Let x(d) = -d**2 + 51. Let v(c) = -4*c**2 + 142*c + 65. Let u be v(36). Let z be x(u). Calculate the greatest common divisor of z and 25.
1
Let n(k) be the second derivative of -6*k + 0 + 13/6*k**3 + 1/6*k**4 - k**2. Let s be n(-7). What is the highest common divisor of 35 and s?
5
Let t be (-70)/(-3)*(-24)/20. Let n be (1*4)/(-26 - t). Let l be (-8)/4 - (n - 30). What is the highest common divisor of 234 and l?
26
Let y be (82/((-12)/(-6)) + -1)*332. What is the greatest common factor of y and 480?
160
Suppose -9*r - 203 + 1194 = 127. Let x(k) = -29*k**3 + 2*k**2. Let l be 18/(-12)*8/6. Let y be x(l). Calculate the greatest common factor of r and y.
48
Let f(o) = -361*o - 2512. Let w be f(-8). Calculate the greatest common factor of 144 and w.
8
Let j = 30 - 7. Suppose j*v = 28*v + 70. Let s be (-6)/v + (-11)/(154/(-3536)). What is the highest common factor of 23 and s?
23
Let q = 22982 - 15305. What is the greatest common factor of q and 18?
9
Let y = -214 - -222. Suppose -y*p = -6*p - 76. What is the greatest common factor of 76 and p?
38
Let b(k) = -5*k - 5. Suppose 48 = 4*i + 3*v + v, 5*v + 12 = 4*i. Suppose i - 32 = 6*g. Let m be b(g). What is the highest common factor of m and 15?
15
Let f = 25334 - 24963. What is the highest common factor of f and 15211?
371
Suppose -9*b + 7108 + 3422 = 0. Calculate the greatest common divisor of 60 and b.
30
Let j be -1*(-12)/(-2)*(-99)/66 + 235. Calculate the greatest common factor of j and 8479.
61
Suppose -42801 + 13843 = -394*x + 29748. Calculate the greatest common divisor of x and 27863.
149
Suppose 5*k + 55 = b, 297 = 5*b + 2*k - 5*k. Let h = 36 + b. Suppose 23 = 3*d - 13. What is the highest common divisor of h and d?
12
Suppose 2*m = 33 + 17. Let r(z) = z**2 - 10*z - 29. Let w be r(13). Calculate the highest common factor of w and m.
5
Let g be (2874/(-8))/(6/(-32)*4). Let q = 717 - g. What is the highest common factor of 68 and q?
34
Let y(r) = 14*r**3 + 15*r**2 - 35*r + 7. Let q be y(4). What is the highest common divisor of 17 and q?
17
Let a be 3 - (-5 + (-1 - 2) + 8). Suppose -1184 = -5*i + a*v, 2*v = -2*i + 171 + 309. Let d = 6 + 28. What is the greatest common divisor of i and d?
34
Let g be 355 - 1*(-11 + 5). Calculate the highest common divisor of 342 and g.
19
Let y = -233 - -329. Suppose -17*p = -13*p - y. What is the highest common divisor of 204 and p?
12
Let a(r) = 293*r**3 - 2*r**2 - 14*r + 21. Let t be a(3). What is the highest common divisor of 192 and t?
192
Suppose 8*c - 3*c = 50. Let x = c - 2. Let l be 135/20 - (1 + (-10)/x). Calculate the highest common factor of l and 14.
7
Let c be ((-30)/(-25))/(0 + 1/20). Suppose 4*z - c + 12 = 0. Suppose -z*k + 7 = -11. What is the greatest common divisor of 48 and k?
6
Suppose 0 = -b - k + 1625, 35*b + 6542 = 39*b - 2*k. Calculate the highest common divisor of b and 1536.
96
Let w(i) = 2*i**2 + 44*i - 41. Let o be w(-23). Let d = 767 + -757. Calculate the greatest common divisor of o and d.
5
Suppose 48 = w - 4*w + 5*o, -2*w - 4*o = 10. Let n = w - -7. Let v be ((-234)/(-65))/(n/(-230)). Calculate the greatest common divisor of 23 and v.
23
Suppose 3*o + 3*i - 9 = 0, -i - 16 = -4*o + 1. Suppose o*v + 1290 = 10*v. Let m = v + -7. What is the highest common factor of m and 16?
16
Let b = -18933 + 18984. What is the highest common factor of b and 25041?
51
Let o(z) = 178*z**2 - 15*z + 38. Let g be o(3). Calculate the greatest common factor of 165 and g.
55
Suppose -4*m = -4, -5*i + 6*i + 3 = 5*m. Suppose x = -i*u + 34, x + 4*u - 11 = 13. Let v = x + -8. Calculate the highest common factor of 144 and v.
36
Let g = -4540 - -4548. Calculate the greatest common divisor of g and 3024.
8
Let m = 2610 + -2532. What is the highest common divisor of 702 and m?
78
Let k(b) = -b**3 + 27*b**2 + 30*b - 63. Let r be k(27). Suppose 25*u = 3 + r. Let p = 5 + 5. Calculate the highest common factor of u and p.
10
Suppose -5*c = 4*l - 145 + 21, -30 = -l - c. Calculate the greatest common factor of l and 38.
2
Suppose -4 - 18 = -11*u. Suppose -x - s = 45, 2*s = 4*s + u. Let p = -37 - x. Calculate the greatest common divisor of 7 and p.
7
Let q = 52 + -55. Let a(h) = 18*h - 26*h + 5 - 7. Let m be a(q). Calculate the highest common divisor of m and 88.
22
Let f(q) = 15*